{"id":149,"date":"2026-04-01T09:38:36","date_gmt":"2026-04-01T12:38:36","guid":{"rendered":"https:\/\/amigodoprojeto.com.br\/produto\/curso-de-coaching-e-gestao-de-equipes\/"},"modified":"2026-04-04T10:06:28","modified_gmt":"2026-04-04T13:06:28","slug":"curso-de-coaching-e-gestao-de-equipes","status":"publish","type":"product","link":"https:\/\/amigodoprojeto.com.br\/?product=curso-de-coaching-e-gestao-de-equipes","title":{"rendered":"Curso de Coaching e Gest\u00e3o de Equipes"},"content":{"rendered":"<p>Apresenta os seguintes t\u00f3picos: Introdu\u00e7\u00e3o ao Coaching , Espa\u00e7o de inspira\u00e7\u00e3o , Desenvolvendo metas e assumindo que voc\u00ea \u00e9 um sucesso, Perguntas poderosas, Quadro de Meta, Valores, Miss\u00e3o, Miss\u00e3o parte 2, Meta S.M.A.R.T , Meta S.M.A.R.T parte 2, Planejamento estrat\u00e9gico semanal , An\u00e1lise de compet\u00eancia , Post\u2019s de atitude , Quem pode gerir uma equipe, Lideran\u00e7a, A postura do l\u00edder nos conflitos, Gest\u00e3o de equipe x Lideran\u00e7a, Entendendo o contexto de neg\u00f3cio, Desdobrando em etapas e prazos, Dividindo o trabalho, Comunicando como fazer o trabalho, Estabelecendo padr\u00e3o de qualidade, Como sugerir altera\u00e7\u00f5es, Import\u00e2ncia de se avaliar a equipe, Como avaliar as compet\u00eancias, Como dar feedback imediato, Como dar feedback de desempenho, Conhecendo formas de motivar, Engajamento cont\u00ednuo da equipe, Motivos que geram conflitos, Tipos de indiv\u00edduos presentes na empresa, Produtividade, empatia e regras, Qualidade de Vida no Trabalho e Tend\u00eancias em Gest\u00e3o de Pessoas. Geralmente quem gosta desse curso gostam tamb\u00e9m do Curso de Introdu\u00e7\u00e3o \u00e0 Consultoria de RH e Business Partner,, An\u00e1lise de Candidato e Teste de Sele\u00e7\u00e3o na Pr\u00e1tica, e Tipos de Avalia\u00e7\u00e3o de Desempenho: Conceito de Avalia\u00e7\u00e3o,.<\/p>\n<p>Sobre a carga hor\u00e1ria:<br \/>\nO curso possui 80 horas de carga hor\u00e1ria. Por\u00e9m, se for conclu\u00eddo antes de 5 dias, passa a ter 10 horas de carga hor\u00e1ria. Conforme nosso contrato e termos de uso.<\/p>\n","protected":false},"excerpt":{"rendered":"<p>Apresenta os seguintes t\u00f3picos: Introdu\u00e7\u00e3o ao Coaching , Espa\u00e7o de inspira\u00e7\u00e3o , Desenvolvendo metas e assumindo que voc\u00ea \u00e9 um [&hellip;]<\/p>\n","protected":false},"featured_media":0,"comment_status":"open","ping_status":"closed","template":"","meta":{"site-sidebar-layout":"default","site-content-layout":"","ast-site-content-layout":"default","site-content-style":"default","site-sidebar-style":"default","ast-global-header-display":"","ast-banner-title-visibility":"","ast-main-header-display":"","ast-hfb-above-header-display":"","ast-hfb-below-header-display":"","ast-hfb-mobile-header-display":"","site-post-title":"","ast-breadcrumbs-content":"","ast-featured-img":"","footer-sml-layout":"","ast-disable-related-posts":"","theme-transparent-header-meta":"","adv-header-id-meta":"","stick-header-meta":"","header-above-stick-meta":"","header-main-stick-meta":"","header-below-stick-meta":"","astra-migrate-meta-layouts":"default","ast-page-background-enabled":"default","ast-page-background-meta":{"desktop":{"background-color":"var(--ast-global-color-5)","background-image":"","background-repeat":"repeat","background-position":"center center","background-size":"auto","background-attachment":"scroll","background-type":"","background-media":"","overlay-type":"","overlay-color":"","overlay-opacity":"","overlay-gradient":""},"tablet":{"background-color":"","background-image":"","background-repeat":"repeat","background-position":"center center","background-size":"auto","background-attachment":"scroll","background-type":"","background-media":"","overlay-type":"","overlay-color":"","overlay-opacity":"","overlay-gradient":""},"mobile":{"background-color":"","background-image":"","background-repeat":"repeat","background-position":"center center","background-size":"auto","background-attachment":"scroll","background-type":"","background-media":"","overlay-type":"","overlay-color":"","overlay-opacity":"","overlay-gradient":""}},"ast-content-background-meta":{"desktop":{"background-color":"var(--ast-global-color-4)","background-image":"","background-repeat":"repeat","background-position":"center center","background-size":"auto","background-attachment":"scroll","background-type":"","background-media":"","overlay-type":"","overlay-color":"","overlay-opacity":"","overlay-gradient":""},"tablet":{"background-color":"var(--ast-global-color-4)","background-image":"","background-repeat":"repeat","background-position":"center center","background-size":"auto","background-attachment":"scroll","background-type":"","background-media":"","overlay-type":"","overlay-color":"","overlay-opacity":"","overlay-gradient":""},"mobile":{"background-color":"var(--ast-global-color-4)","background-image":"","background-repeat":"repeat","background-position":"center center","background-size":"auto","background-attachment":"scroll","background-type":"","background-media":"","overlay-type":"","overlay-color":"","overlay-opacity":"","overlay-gradient":""}}},"product_brand":[],"product_cat":[56],"product_tag":[],"class_list":{"0":"post-149","1":"product","2":"type-product","3":"status-publish","5":"product_cat-recursos-humanos","6":"desktop-align-left","7":"tablet-align-left","8":"mobile-align-left","10":"first","11":"instock","12":"virtual","13":"sold-individually","14":"taxable","15":"purchasable","16":"product-type-simple"},"jetpack_sharing_enabled":true,"_links":{"self":[{"href":"https:\/\/amigodoprojeto.com.br\/index.php?rest_route=\/wp\/v2\/product\/149","targetHints":{"allow":["GET"]}}],"collection":[{"href":"https:\/\/amigodoprojeto.com.br\/index.php?rest_route=\/wp\/v2\/product"}],"about":[{"href":"https:\/\/amigodoprojeto.com.br\/index.php?rest_route=\/wp\/v2\/types\/product"}],"replies":[{"embeddable":true,"href":"https:\/\/amigodoprojeto.com.br\/index.php?rest_route=%2Fwp%2Fv2%2Fcomments&post=149"}],"wp:attachment":[{"href":"https:\/\/amigodoprojeto.com.br\/index.php?rest_route=%2Fwp%2Fv2%2Fmedia&parent=149"}],"wp:term":[{"taxonomy":"product_brand","embeddable":true,"href":"https:\/\/amigodoprojeto.com.br\/index.php?rest_route=%2Fwp%2Fv2%2Fproduct_brand&post=149"},{"taxonomy":"product_cat","embeddable":true,"href":"https:\/\/amigodoprojeto.com.br\/index.php?rest_route=%2Fwp%2Fv2%2Fproduct_cat&post=149"},{"taxonomy":"product_tag","embeddable":true,"href":"https:\/\/amigodoprojeto.com.br\/index.php?rest_route=%2Fwp%2Fv2%2Fproduct_tag&post=149"}],"curies":[{"name":"wp","href":"https:\/\/api.w.org\/{rel}","templated":true}]}}